{"id":1494,"date":"2022-07-14T15:47:48","date_gmt":"2022-07-14T13:47:48","guid":{"rendered":"https:\/\/www2.noviasrl.it\/?page_id=1494"},"modified":"2022-07-20T13:05:15","modified_gmt":"2022-07-20T11:05:15","slug":"buona-amministrazione","status":"publish","type":"page","link":"https:\/\/www.noviasrl.it\/index.php\/buona-amministrazione\/","title":{"rendered":"BUONA AMMINISTRAZIONE"},"content":{"rendered":"<div data-colibri-id=\"1494-c1\" class=\"style-1266 style-local-1494-c1 position-relative\">\n  <!---->\n  <div data-colibri-component=\"section\" data-colibri-id=\"1494-c2\" data-aos=\"slideInRight\" id=\"about\" class=\"h-section h-section-global-spacing d-flex align-items-lg-center align-items-md-center align-items-center style-1267 style-local-1494-c2 position-relative\">\n    <!---->\n    <!---->\n    <div class=\"h-section-grid-container h-section-boxed-container\">\n      <!---->\n      <div data-colibri-id=\"1494-c3\" class=\"h-row-container gutters-row-lg-0 gutters-row-md-0 gutters-row-2 gutters-row-v-lg-0 gutters-row-v-md-0 gutters-row-v-2 style-1268 style-local-1494-c3 position-relative\">\n        <!---->\n        <div class=\"h-row justify-content-lg-center justify-content-md-center justify-content-center align-items-lg-stretch align-items-md-stretch align-items-stretch gutters-col-lg-0 gutters-col-md-0 gutters-col-2 gutters-col-v-lg-0 gutters-col-v-md-0 gutters-col-v-2\">\n          <!---->\n          <div class=\"h-column h-column-container d-flex h-col-lg-auto h-col-md-auto h-col-auto style-1269-outer style-local-1494-c4-outer\">\n            <div data-colibri-id=\"1494-c4\" class=\"d-flex h-flex-basis h-column__inner h-px-lg-3 h-px-md-3 h-px-3 v-inner-lg-3 v-inner-md-3 v-inner-3 style-1269 style-local-1494-c4 position-relative\">\n              <!---->\n              <!---->\n              <div class=\"w-100 h-y-container h-column__content h-column__v-align flex-basis-100 align-self-lg-center align-self-md-center align-self-center\">\n                <!---->\n                <div data-colibri-id=\"1494-c5\" class=\"h-global-transition-all h-heading style-1297 style-local-1494-c5 position-relative h-element\">\n                  <!---->\n                  <div class=\"h-heading__outer style-1297 style-local-1494-c5\">\n                    <!---->\n                    <!---->\n                    <h3 class=\"\"><em style=\"font-family: &quot;Open Sans&quot;; font-weight: 600;\">L&#8217;esercizio della <br>Buona Amministrazione<\/em><\/h3>\n                  <\/div>\n                <\/div>\n                <div data-colibri-id=\"1494-c6\" class=\"h-text h-text-component style-1272 style-local-1494-c6 position-relative h-element\">\n                  <!---->\n                  <!---->\n                  <div class=\"\">\n                    <h3><span style=\"font-family: &quot;Open Sans&quot;; font-size: 20px; color: rgb(0, 0, 0);\">passa necessariamente per <\/span><span style=\"font-family: &quot;Open Sans&quot;; font-size: 20px; color: rgb(0, 0, 0); font-weight: 600;\">sfide<\/span>\n                      <span\n                        style=\"font-family: &quot;Open Sans&quot;; font-size: 20px; color: rgb(0, 0, 0);\"> e <\/span><span style=\"font-family: &quot;Open Sans&quot;; font-size: 20px; color: rgb(0, 0, 0); font-weight: 600;\">progetti<\/span><span style=\"font-family: &quot;Open Sans&quot;; font-size: 20px; color: rgb(0, 0, 0);\"> quali: <\/span><\/h3>\n                    <ul>\n                      <li><span style=\"font-family: &quot;Open Sans&quot;; font-size: 20px; color: rgb(0, 0, 0);\">saper <\/span><span style=\"font-family: &quot;Open Sans&quot;; font-size: 20px; color: rgb(0, 0, 0); font-weight: 600;\">dialogare<\/span>\n                        <span\n                          style=\"font-family: &quot;Open Sans&quot;; font-size: 20px; color: rgb(0, 0, 0);\"> con il cittadino,<\/span>\n                      <\/li>\n                      <li>aumentare la <span style=\"font-weight: 600;\">digitalizzazione <\/span>delle attivit\u00e0,<\/li>\n                      <li>lavorare per indirizzi, <span style=\"font-weight: 600;\">obiettivi <\/span>e <span style=\"font-weight: 600;\">progetti<\/span>.<\/li>\n                    <\/ul>\n                    <p>\n                      <br>\n                    <\/p>\n                    <p>Per far ci\u00f2, la Pubblica Amministrazione \u00e8 tenuta non solo ad <span style=\"font-weight: 600;\">auto-organizzarsi<\/span> in modo da esplicitare con prontezza, semplicit\u00e0 ed economia di mezzi la propria attivit\u00e0, ma anche ad <span style=\"font-weight: 600;\">aggiornarsi<\/span>                      e razionalizzare i propri servizi per raggiungere al meglio i propri obiettivi.<\/p>\n                  <\/div>\n                <\/div>\n              <\/div>\n            <\/div>\n          <\/div>\n          <div class=\"h-column h-column-container d-flex h-col-lg-auto h-col-md-auto h-col-auto style-1275-outer style-local-1494-c7-outer\">\n            <div data-colibri-id=\"1494-c7\" class=\"d-flex h-flex-basis h-column__inner h-px-lg-0 h-px-md-0 h-px-0 v-inner-lg-0 v-inner-md-0 v-inner-0 style-1275 style-local-1494-c7 position-relative\">\n              <!---->\n              <!---->\n              <div class=\"w-100 h-y-container h-column__content h-column__v-align flex-basis-100 align-self-lg-center align-self-md-center align-self-center\">\n                <!---->\n                <div data-colibri-id=\"1494-c8\" class=\"h-multiple-image style-1276 style-local-1494-c8 position-relative h-element\">\n                  <!---->\n                  <div class=\"position-relative\">\n                    <div class=\"h-multiple-image-inside-container\">\n                      <div class=\"ratio-inner\">\n                        <div data-colibri-id=\"1494-c9\" class=\"d-block style-1278 style-local-1494-c9 position-relative h-element\">\n                          <!---->\n                          <div class=\"h-image__frame-container-outer\">\n                            <div class=\"h-image__frame-container\">\n                              <!---->\n                              <!---->\n                              <img loading=\"lazy\" decoding=\"async\" width=\"776\" height=\"900\" src=\"https:\/\/www2.noviasrl.it\/wp-content\/uploads\/2022\/07\/cropped-Progetto-senza-titolo-10.png\" class=\"style-1276-images style-local-1494-c8-images wp-image-2331 style-1278-image style-local-1494-c9-image\" alt=\"persone ad un meeting\" srcset=\"https:\/\/www.noviasrl.it\/wp-content\/uploads\/2022\/07\/cropped-Progetto-senza-titolo-10.png 776w, https:\/\/www.noviasrl.it\/wp-content\/uploads\/2022\/07\/cropped-Progetto-senza-titolo-10-259x300.png 259w, https:\/\/www.noviasrl.it\/wp-content\/uploads\/2022\/07\/cropped-Progetto-senza-titolo-10-768x891.png 768w\" sizes=\"auto, (max-width: 776px) 100vw, 776px\" \/>\n                              <div class=\"h-image__frame h-hide-lg h-hide-md h-hide-sm style-1278-frameImage style-local-1494-c9-frameImage\"><\/div>\n                            <\/div>\n                          <\/div>\n                        <\/div>\n                      <\/div>\n                    <\/div>\n                  <\/div>\n                <\/div>\n              <\/div>\n            <\/div>\n          <\/div>\n        <\/div>\n      <\/div>\n    <\/div>\n  <\/div>\n  <div data-colibri-component=\"section\" data-colibri-id=\"1494-c10\" data-aos=\"slideInLeft\" id=\"about-2\" class=\"h-section h-section-global-spacing d-flex align-items-lg-center align-items-md-center align-items-center style-1279 style-local-1494-c10 position-relative\">\n    <!---->\n    <!---->\n    <div class=\"h-section-grid-container h-section-boxed-container\">\n      <!---->\n      <div data-colibri-id=\"1494-c11\" class=\"h-row-container gutters-row-lg-0 gutters-row-md-0 gutters-row-2 gutters-row-v-lg-0 gutters-row-v-md-0 gutters-row-v-2 style-1280 style-local-1494-c11 position-relative\">\n        <!---->\n        <div class=\"h-row justify-content-lg-center justify-content-md-center justify-content-center align-items-lg-stretch align-items-md-stretch align-items-stretch gutters-col-lg-0 gutters-col-md-0 gutters-col-2 gutters-col-v-lg-0 gutters-col-v-md-0 gutters-col-v-2\">\n          <!---->\n          <div class=\"h-column h-column-container d-flex h-col-lg-auto h-col-md-auto h-col-auto style-1281-outer style-local-1494-c12-outer\">\n            <div data-colibri-id=\"1494-c12\" class=\"d-flex h-flex-basis h-column__inner h-px-lg-0 h-px-md-0 h-px-0 v-inner-lg-0 v-inner-md-0 v-inner-0 style-1281 style-local-1494-c12 position-relative\">\n              <!---->\n              <!---->\n              <div class=\"w-100 h-y-container h-column__content h-column__v-align flex-basis-100 align-self-lg-center align-self-md-center align-self-center\">\n                <!---->\n                <div data-colibri-id=\"1494-c13\" class=\"h-multiple-image style-1282 style-local-1494-c13 position-relative h-element\">\n                  <!---->\n                  <div class=\"position-relative\">\n                    <div class=\"h-multiple-image-inside-container\">\n                      <div class=\"ratio-inner\">\n                        <div data-colibri-id=\"1494-c14\" class=\"d-block style-1284 style-local-1494-c14 position-relative h-element\">\n                          <!---->\n                          <div class=\"h-image__frame-container-outer\">\n                            <div class=\"h-image__frame-container\">\n                              <!---->\n                              <!---->\n                              <img loading=\"lazy\" decoding=\"async\" width=\"776\" height=\"900\" src=\"https:\/\/www2.noviasrl.it\/wp-content\/uploads\/2022\/07\/cropped-Progetto-senza-titolo-11.png\" class=\"style-1282-images style-local-1494-c13-images wp-image-2334 style-1284-image style-local-1494-c14-image\" alt=\"grafici che aiutano persone a progettare\" srcset=\"https:\/\/www.noviasrl.it\/wp-content\/uploads\/2022\/07\/cropped-Progetto-senza-titolo-11.png 776w, https:\/\/www.noviasrl.it\/wp-content\/uploads\/2022\/07\/cropped-Progetto-senza-titolo-11-259x300.png 259w, https:\/\/www.noviasrl.it\/wp-content\/uploads\/2022\/07\/cropped-Progetto-senza-titolo-11-768x891.png 768w\" sizes=\"auto, (max-width: 776px) 100vw, 776px\" \/>\n                              <div class=\"h-image__frame h-hide-lg h-hide-md h-hide-sm style-1284-frameImage style-local-1494-c14-frameImage\"><\/div>\n                            <\/div>\n                          <\/div>\n                        <\/div>\n                      <\/div>\n                    <\/div>\n                  <\/div>\n                <\/div>\n              <\/div>\n            <\/div>\n          <\/div>\n          <div class=\"h-column h-column-container d-flex h-col-lg-auto h-col-md-auto h-col-auto style-1285-outer style-local-1494-c15-outer\">\n            <div data-colibri-id=\"1494-c15\" class=\"d-flex h-flex-basis h-column__inner h-px-lg-3 h-px-md-3 h-px-3 v-inner-lg-3 v-inner-md-3 v-inner-3 style-1285 style-local-1494-c15 position-relative\">\n              <!---->\n              <!---->\n              <div class=\"w-100 h-y-container h-column__content h-column__v-align flex-basis-100 align-self-lg-center align-self-md-center align-self-center\">\n                <!---->\n                <div data-colibri-id=\"1494-c16\" class=\"h-global-transition-all h-heading style-1291 style-local-1494-c16 position-relative h-element\">\n                  <!---->\n                  <div class=\"h-heading__outer style-1291 style-local-1494-c16\">\n                    <!---->\n                    <!---->\n                    <h3 class=\"\"><em style=\"font-weight: 600; font-family: &quot;Open Sans&quot;;\">I servizi di Novia per la <br>Buona Amministrazione<\/em><\/h3>\n                  <\/div>\n                <\/div>\n                <div data-colibri-id=\"1494-c17\" class=\"icon-list d-flex justify-content-lg-center justify-content-md-center justify-content-center style-1296 style-local-1494-c17 position-relative h-element\">\n                  <!---->\n                  <ul class=\"ul-list-icon vertical-on-desktop vertical-on-tablet vertical-on-mobile justify-content-lg-center justify-content-md-center justify-content-center\">\n                    <!---->\n                    <li class=\"list-item no-gutters\">\n                      <!---->\n                      <div class=\"list-container-divider d-flex justify-content-lg-center justify-content-md-center justify-content-center first-el-spacer\"><\/div> <span class=\"item-link no-gutters\"><div class=\"d-flex h-col no-gutters align-items-lg-center align-items-md-center align-items-center list-item-text-wrapper\"><div class=\"d-flex\"><span  class=\"h-svg-icon style-1296-icon style-local-1494-c17-icon\"><!--Icon by Font Awesome (https:\/\/fontawesome.com)--><svg version=\"1.1\" xmlns=\"http:\/\/www.w3.org\/2000\/svg\" xmlns:xlink=\"http:\/\/www.w3.org\/1999\/xlink\" id=\"check\" viewBox=\"0 0 1792 1896.0833\"><path d=\"M1671 566q0 40-28 68l-724 724-136 136q-28 28-68 28t-68-28l-136-136-362-362q-28-28-28-68t28-68l136-136q28-28 68-28t68 28l294 295 656-657q28-28 68-28t68 28l136 136q28 28 28 68z\"><\/path><\/svg><\/span><\/div>\n                <span class=\"list-text d-block\"><span>Costituzione di forme associate di comuni<\/span><\/span>\n              <\/div>\n              <\/span>\n              <div class=\"list-container-divider d-flex justify-content-lg-center justify-content-md-center justify-content-center\">\n                <!---->\n              <\/div>\n              <\/li>\n              <li class=\"list-item no-gutters\">\n                <!---->\n                <!----><span class=\"item-link no-gutters\"><div class=\"d-flex h-col no-gutters align-items-lg-center align-items-md-center align-items-center list-item-text-wrapper\"><div class=\"d-flex\"><span  class=\"h-svg-icon style-1296-icon style-local-1494-c17-icon\"><!--Icon by Font Awesome (https:\/\/fontawesome.com)--><svg version=\"1.1\" xmlns=\"http:\/\/www.w3.org\/2000\/svg\" xmlns:xlink=\"http:\/\/www.w3.org\/1999\/xlink\" id=\"check\" viewBox=\"0 0 1792 1896.0833\"><path d=\"M1671 566q0 40-28 68l-724 724-136 136q-28 28-68 28t-68-28l-136-136-362-362q-28-28-28-68t28-68l136-136q28-28 68-28t68 28l294 295 656-657q28-28 68-28t68 28l136 136q28 28 28 68z\"><\/path><\/svg><\/span><\/div>\n            <span class=\"list-text d-block\"><span>Lavorare per obiettivi e progetti<\/span><\/span>\n          <\/div>\n          <\/span>\n          <div class=\"list-container-divider d-flex justify-content-lg-center justify-content-md-center justify-content-center\">\n            <!---->\n          <\/div>\n          <\/li>\n          <li class=\"list-item no-gutters\">\n            <!---->\n            <!----><span class=\"item-link no-gutters\"><div class=\"d-flex h-col no-gutters align-items-lg-center align-items-md-center align-items-center list-item-text-wrapper\"><div class=\"d-flex\"><span  class=\"h-svg-icon style-1296-icon style-local-1494-c17-icon\"><!--Icon by Font Awesome (https:\/\/fontawesome.com)--><svg version=\"1.1\" xmlns=\"http:\/\/www.w3.org\/2000\/svg\" xmlns:xlink=\"http:\/\/www.w3.org\/1999\/xlink\" id=\"check\" viewBox=\"0 0 1792 1896.0833\"><path d=\"M1671 566q0 40-28 68l-724 724-136 136q-28 28-68 28t-68-28l-136-136-362-362q-28-28-28-68t28-68l136-136q28-28 68-28t68 28l294 295 656-657q28-28 68-28t68 28l136 136q28 28 28 68z\"><\/path><\/svg><\/span><\/div>\n        <span class=\"list-text d-block\"><span>Piano di sviluppo formativo delle competenze<\/span><\/span>\n      <\/div>\n      <\/span>\n      <div class=\"list-container-divider d-flex justify-content-lg-center justify-content-md-center justify-content-center\">\n        <!---->\n      <\/div>\n      <\/li>\n      <li class=\"list-item no-gutters\">\n        <!---->\n        <!----><span class=\"item-link no-gutters\"><div class=\"d-flex h-col no-gutters align-items-lg-center align-items-md-center align-items-center list-item-text-wrapper\"><div class=\"d-flex\"><span  class=\"h-svg-icon style-1296-icon style-local-1494-c17-icon\"><!--Icon by Font Awesome (https:\/\/fontawesome.com)--><svg version=\"1.1\" xmlns=\"http:\/\/www.w3.org\/2000\/svg\" xmlns:xlink=\"http:\/\/www.w3.org\/1999\/xlink\" id=\"check\" viewBox=\"0 0 1792 1896.0833\"><path d=\"M1671 566q0 40-28 68l-724 724-136 136q-28 28-68 28t-68-28l-136-136-362-362q-28-28-28-68t28-68l136-136q28-28 68-28t68 28l294 295 656-657q28-28 68-28t68 28l136 136q28 28 28 68z\"><\/path><\/svg><\/span><\/div>\n    <span class=\"list-text d-block\"><span>Predisposizione di un piano delle performance e valutazione delle stesse<\/span><\/span>\n  <\/div>\n  <\/span>\n  <div class=\"list-container-divider d-flex justify-content-lg-center justify-content-md-center justify-content-center\">\n    <!---->\n  <\/div>\n  <\/li>\n  <li class=\"list-item no-gutters\">\n    <!---->\n    <!----><span class=\"item-link no-gutters\"><div class=\"d-flex h-col no-gutters align-items-lg-center align-items-md-center align-items-center list-item-text-wrapper\"><div class=\"d-flex\"><span  class=\"h-svg-icon style-1296-icon style-local-1494-c17-icon\"><!--Icon by Font Awesome (https:\/\/fontawesome.com)--><svg version=\"1.1\" xmlns=\"http:\/\/www.w3.org\/2000\/svg\" xmlns:xlink=\"http:\/\/www.w3.org\/1999\/xlink\" id=\"check\" viewBox=\"0 0 1792 1896.0833\"><path d=\"M1671 566q0 40-28 68l-724 724-136 136q-28 28-68 28t-68-28l-136-136-362-362q-28-28-28-68t28-68l136-136q28-28 68-28t68 28l294 295 656-657q28-28 68-28t68 28l136 136q28 28 28 68z\"><\/path><\/svg><\/span><\/div>\n<span class=\"list-text d-block\"><span>Riordino organizzativo: organigramma e funzionigramma<\/span><\/span>\n<\/div>\n<\/span>\n<div class=\"list-container-divider d-flex justify-content-lg-center justify-content-md-center justify-content-center\">\n  <!---->\n<\/div>\n<\/li>\n<li class=\"list-item no-gutters\">\n  <!---->\n  <!----><span class=\"item-link no-gutters\"><div class=\"d-flex h-col no-gutters align-items-lg-center align-items-md-center align-items-center list-item-text-wrapper\"><div class=\"d-flex\"><span  class=\"h-svg-icon style-1296-icon style-local-1494-c17-icon\"><!--Icon by Font Awesome (https:\/\/fontawesome.com)--><svg version=\"1.1\" xmlns=\"http:\/\/www.w3.org\/2000\/svg\" xmlns:xlink=\"http:\/\/www.w3.org\/1999\/xlink\" id=\"check\" viewBox=\"0 0 1792 1896.0833\"><path d=\"M1671 566q0 40-28 68l-724 724-136 136q-28 28-68 28t-68-28l-136-136-362-362q-28-28-28-68t28-68l136-136q28-28 68-28t68 28l294 295 656-657q28-28 68-28t68 28l136 136q28 28 28 68z\"><\/path><\/svg><\/span><\/div>\n  <span class=\"list-text d-block\"><span>Supporto alle attivit\u00e0 di controllo di gestione<\/span><\/span>\n  <\/div>\n  <\/span>\n  <div class=\"list-container-divider d-flex justify-content-lg-center justify-content-md-center justify-content-center\">\n    <!---->\n  <\/div>\n<\/li>\n<li class=\"list-item no-gutters\">\n  <!---->\n  <!----><span class=\"item-link no-gutters\"><div class=\"d-flex h-col no-gutters align-items-lg-center align-items-md-center align-items-center list-item-text-wrapper\"><div class=\"d-flex\"><span  class=\"h-svg-icon style-1296-icon style-local-1494-c17-icon\"><!--Icon by Font Awesome (https:\/\/fontawesome.com)--><svg version=\"1.1\" xmlns=\"http:\/\/www.w3.org\/2000\/svg\" xmlns:xlink=\"http:\/\/www.w3.org\/1999\/xlink\" id=\"check\" viewBox=\"0 0 1792 1896.0833\"><path d=\"M1671 566q0 40-28 68l-724 724-136 136q-28 28-68 28t-68-28l-136-136-362-362q-28-28-28-68t28-68l136-136q28-28 68-28t68 28l294 295 656-657q28-28 68-28t68 28l136 136q28 28 28 68z\"><\/path><\/svg><\/span><\/div>\n  <span class=\"list-text d-block\"><span>Supporto a progetto del singolo ente<\/span><\/span>\n  <\/div>\n  <\/span>\n  <div class=\"list-container-divider d-flex justify-content-lg-center justify-content-md-center justify-content-center\" style=\"display: none;\">\n    <!---->\n  <\/div>\n  <div class=\"list-container-divider d-flex justify-content-lg-center justify-content-md-center justify-content-center last-el-spacer\"><\/div>\n<\/li>\n<\/ul>\n<\/div>\n<\/div>\n<\/div>\n<\/div>\n<\/div>\n<\/div>\n<\/div>\n<\/div>\n<\/div>","protected":false},"excerpt":{"rendered":"<p>L&#8217;esercizio della Buona Amministrazione passa necessariamente per sfide e progetti quali: saper dialogare con il cittadino, aumentare la digitalizzazione delle attivit\u00e0, lavorare per indirizzi, obiettivi e progetti. Per far ci\u00f2, la Pubblica Amministrazione \u00e8 tenuta non solo ad auto-organizzarsi in modo da esplicitare con prontezza, semplicit\u00e0 ed economia di mezzi la propria attivit\u00e0, ma anche [&hellip;]<\/p>\n","protected":false},"author":1,"featured_media":0,"parent":0,"menu_order":0,"comment_status":"closed","ping_status":"closed","template":"page-templates\/full-width-page.php","meta":{"footnotes":""},"class_list":["post-1494","page","type-page","status-publish","hentry"],"_links":{"self":[{"href":"https:\/\/www.noviasrl.it\/index.php\/wp-json\/wp\/v2\/pages\/1494","targetHints":{"allow":["GET"]}}],"collection":[{"href":"https:\/\/www.noviasrl.it\/index.php\/wp-json\/wp\/v2\/pages"}],"about":[{"href":"https:\/\/www.noviasrl.it\/index.php\/wp-json\/wp\/v2\/types\/page"}],"author":[{"embeddable":true,"href":"https:\/\/www.noviasrl.it\/index.php\/wp-json\/wp\/v2\/users\/1"}],"replies":[{"embeddable":true,"href":"https:\/\/www.noviasrl.it\/index.php\/wp-json\/wp\/v2\/comments?post=1494"}],"version-history":[{"count":4,"href":"https:\/\/www.noviasrl.it\/index.php\/wp-json\/wp\/v2\/pages\/1494\/revisions"}],"predecessor-version":[{"id":2508,"href":"https:\/\/www.noviasrl.it\/index.php\/wp-json\/wp\/v2\/pages\/1494\/revisions\/2508"}],"wp:attachment":[{"href":"https:\/\/www.noviasrl.it\/index.php\/wp-json\/wp\/v2\/media?parent=1494"}],"curies":[{"name":"wp","href":"https:\/\/api.w.org\/{rel}","templated":true}]}}